 of p(k).
2, 101
Suppose -5*w - 2*j - 2353 = 315, -2*w + j = 1069. Suppose 3*v + b = -1079 + 5, -2*v = 3*b + 716. Let y = v - w. What are the prime factors of y?
2, 11
Let w = -363 - -356. Let c = 19 + w. What are the prime factors of c?
2, 3
What are the prime factors of (-294 - -270)/((-12)/28364)?
2, 7, 1013
Suppose -25*k = -22*k + 24, 2*u + 4*k - 24228 = 0. List the prime factors of u.
2, 5, 1213
List the prime factors of ((-14)/(-18))/(5/71385) + 4/(-12).
2, 347
Suppose -5*s + 3*w - 58 + 8 = 0, -30 = 3*s - 3*w. Let h = -1308 - -1264. List the prime factors of 2/s + (-42)/15*h.
3, 41
What are the prime factors of -33450*(-39)/208 + 3/24?
2, 7
Suppose 3*f = -7*f + 30. Let g be ((-16)/(-6))/((-2)/f). List the prime factors of g/((3/87)/(-1)).
2, 29
Suppose 0 = 148*k - 492079 - 410129. List the prime factors of k.
2, 3, 127
Let m be (0 - 21/6)*-2. Let l(u) = -u. Let k be l(m). List the prime factors of k + 60 + -4 + 0.
7
Let p(j) = 30*j**2 + 14*j + 6. List the prime factors of p(-11).
2, 1741
Let l be (8/24)/(2/(-150)). Let p = 21 + l. Let a(u) = 5*u**2 - 9*u - 4. What are the prime factors of a(p)?
2, 7
Suppose -3*g = -5*x + 191 - 41, -5*x = 4*g - 115. Let j be 19/1 + x/(-9). Suppose -j*p + 18*p = 174. List the prime factors of p.
3, 29
Suppose -3*r + 24 + 155 = -5*m, 4*m = -2*r + 134. Suppose r = q - 2*w, -4*w = 5*q - 8*w - 291. List the prime factors of q.
5, 11
Let b(t) = -t**3 - 2*t**2 - 13*t - 5. Let c = -31 + 24. Let v be b(c). Suppose 2*z + 8*m = 5*m + 145, -5*z + 3*m + v = 0. List the prime factors of z.
2, 17
Let o = -132 - -78. Suppose -3*h + g = -177 - 181, -4*h = g - 482. Let c = h + o. What are the prime factors of c?
2, 3, 11
Suppose -3*i - 1717 + 54257 = s, -4*i - 3*s = -70060. List the prime factors of i.
2, 11, 199
Suppose 4*s + 2958 = 2*s + 25850. List the prime factors of s.
2, 59, 97
Suppose 0 = -4*j + 4*w + 168, -5*j - 5*w + 132 = -78. Let d be (j/(-8))/((14/(-152))/(-7)). Let y = -270 - d. List the prime factors of y.
3, 43
Let k(y) = -4*y + 40. Let h be k(6). Let n(i) = 3*i + 225. List the prime factors of n(h).
3, 7, 13
Let y(v) be the second derivative of 5*v**3/6 - 25*v**2 - v. Let f be y(8). Let l = f + 98. List the prime factors of l.
2, 11
Let x = 342 - 352. Let f(c) = -c**3 - 4*c**2 + 11*c - 5. List the prime factors of f(x).
5, 97
Suppose 28190 = 2*a - 4*c, 0 = -2*a - 53*c + 58*c + 28189. What are the prime factors of a?
3, 37, 127
Suppose -27*a + 25*a = -568. Suppose 0 = 4*v - 0*v - a. Let h = v + 49. List the prime factors of h.
2, 3, 5
Let p(r) = 3 + r**3 - 6 - 3*r**2 + 4*r**2 - 6*r + 3*r**2. Let a be p(-5). List the prime factors of 119/((0/2)/a + 1).
7, 17
Let u(m) = m - 25. Let f be u(27). Suppose -19*a + f*a = -1088. What are the prime factors of a?
2
Let y = 52 - 468. Let x = 227 - y. List the prime factors of x.
643
Let v = -30 + 114. Suppose -22*n + 15*n = -v. Suppose 4294 = n*z + 982. List the prime factors of z.
2, 3, 23
Let y = -67 - -84. Let z(q) = 20*q - 59. List the prime factors of z(y).
281
Suppose 2*q = 6736 + 1212. Suppose -y + 60 + q = 5*d, d + y - 806 = 0. What are the prime factors of d?
3, 269
Let m(b) = 91*b**2 - 176*b - 517. List the prime factors of m(-3).
2, 5, 83
Suppose 97 = -3*h + 2*h. Let k = -350 + 348. Let i = k - h. What are the prime factors of i?
5, 19
Suppose 51*d - 576407 = -50*d. What are the prime factors of d?
13, 439
Let s(j) = -5*j**3 + 6*j**2 - 14*j. Let x be s(-6). Suppose -13*q = 2*q - x. Suppose 168 = 2*f - q. What are the prime factors of f?
2, 5, 13
Suppose 43 = 3*g - 23. Suppose y = -5*c + 85, y = -4*y + 2*c + 398. Let f = y - g. List the prime factors of f.
2, 29
Let p be ((-3)/9)/((-186)/36 - -5). Let c be p/(-13) - (-140)/65. List the prime factors of ((-138)/(-10))/(c/20).
2, 3, 23
Let d = 468 - -334. Let o = d + -374. What are the prime factors of o?
2, 107
Suppose 828*i = 825*i + 60. Suppose 16880 = 60*d - i*d. List the prime factors of d.
2, 211
Let d(k) = 707*k**2 - 11*k + 17. Let h be d(2). Suppose 3*y + 3*u - h = 0, 0 = -y + 7*u - 12*u + 933. List the prime factors of y.
23, 41
Let f = -4495 - -31528. What are the prime factors of f?
3, 9011
Suppose 6*z + 95 = 25*z. Suppose h - z*f - 276 - 281 = 0, 3*f = 6. What are the prime factors of h?
3, 7
Let b be 30*(-11)/(55/8). What are the prime factors of -4 + b/20*(-32 - 3)?
2, 5
Suppose -2*p = 6 - 16. Let t(b) = -b**3 + 3*b**2 + 9*b + 8. Let f be t(p). Suppose -w - f*w + 440 = 0. List the prime factors of w.
2, 5, 11
Let u(w) = -493*w - 99. What are the prime factors of u(-6)?
3, 953
Let r = -405 - -405. What are the prime factors of -3*(-38 + r)*(-189)/(-42)?
3, 19
Let w = 103 - 97. Suppose -5*j + w + 719 = 0. List the prime factors of j.
5, 29
What are the prime factors of ((-104)/(-24) - (7 - 2))/(20/(-549030))?
18301
Let s(h) be the first derivative of 6*h**2 - 3*h + 33. Let i be s(6). Let u = i + 70. What are the prime factors of u?
139
Let d = 107 + -96. Suppose -d*m = -3*m - 1856. List the prime factors of m.
2, 29
List the prime factors of 473328/20 + 2 + 4 + 18/30.
3, 13, 607
Let z = -59 - -84. Suppose -30*h + 1135 = -z*h. What are the prime factors of h?
227
Let j be (-438)/(-30) - ((-6)/15 + 0). Suppose 0 = -3*g + j, -2*g + g = 3*p - 962. What are the prime factors of p?
11, 29
Let i(a) = -3*a + 20. Let u be i(4). Suppose u*b - 2700 = -7*b. List the prime factors of b.
2, 3, 5
Suppose 566*k - 558*k = 24480. List the prime factors of k.
2, 3, 5, 17
Suppose -5*g - 3*s = -63192, -s = -0*g - 2*g + 25290. List the prime factors of g.
2, 3, 7, 43
Let x = -4666 - -9328. Suppose -4689 = 9*j - 12*j - 5*b, 4*b + x = 3*j. List the prime factors of j.
2, 19, 41
Suppose -i - 4*o = -0*i - 9223, -36820 = -4*i + 2*o. Suppose -16*p + i = 3303. List the prime factors of p.
3, 41
Suppose 4 = n + 7. List the prime factors of 3/n*-2 - (-435 + -4).
3, 7
Suppose -8364 = -50*m + 9486. What are the prime factors of m?
3, 7, 17
Suppose -17*t - 5*t - 13*t + 1717100 = 0. List the prime factors of t.
2, 5, 11, 223
Let j be 1/(-4) - (11 + 5754/(-8)). Suppose j*s - 4280 = 703*s. What are the prime factors of s?
2, 107
List the prime factors of (-15825)/(-3) - ((-45)/9 + 6).
2, 3, 293
List the prime factors of (174/(-12) - -9)/(5/(-3350)).
5, 11, 67
Let s = 16900 + 17467. List the prime factors of s.
34367
Let y(k) = -k**3 - 30*k**2 - 84*k - 129. What are the prime factors of y(-36)?
3, 3557
Let w = -950 - -5570. Suppose -w = -10*z + 2340. List the prime factors of z.
2, 3, 29
Suppose -137*a + 2676620 = 560668 - 4134536. What are the prime factors of a?
2, 3, 1901
Let o be -2*6/(-8) - (-322)/(-28). Let t be (15/o - -3)/(2/4). Suppose 17 = 5*y - t. What are the prime factors of y?
2
Let d = 2172 - 994. List the prime factors of d.
2, 19, 31
Let f(u) = u**3 - 4*u**2 - 60*u - 59. Let l(z) = -z**2 - 12*z - 12. Let m(v) = -2*f(v) + 11*l(v). What are the prime factors of m(-5)?
13, 17
Let r(o) be the first derivative of -7*o**4/4 + o**3/3 - 3*o**2/2 - 3*o - 84. What are the prime factors of r(-1)?
2
Let o = 30445 + -24816. List the prime factors of o.
13, 433
Suppose -5*t = -0*t. Suppose 3*n + 4*o - 875 = t, 5*n + 0*o - 1462 = -3*o. List the prime factors of n.
293
Suppose 5*v - 2*w = -4518, -12*w + 7*w = -4*v - 3611. List the prime factors of (v/(-16) + 5)*12.
2, 3, 41
Let i(q) = 1467*q + 2418. What are the prime factors of i(6)?
2, 3, 5, 11, 17
Let w = 170 - 176. List the prime factors of (w + 236 + -8)*(-1)/(-3).
2, 37
Let b = 49860 - 28698. What are the prime factors of b?
2, 3, 3527
Let t(l) = -6*l**3 + l**2 - l + 1. Suppose -4*q + q + 2*f = -18, 4*f + 28 = 4*q. Suppose q*j - 21 = -h - 7, 0 = h - 2*j + 10. List the prime factors of t(h).
5, 11
Suppose l + 20*l - 88806 = 58908. What are the prime factors of l?
2, 3517
List the prime factors of 49/(-21)*3 - -1*79820.
79813
Suppose 3*o - 18645 = -2*i, 3*i - 9329 = 2*i + 5*o. Let g(x) = 58*x - 257. Let u be g(5). List the prime factors of (-6)/u + i/99.
2, 47
Let v be 10/(-4)*(-40)/(-25). Let l be v/6*1089/3. Let w = -120 - l. What are the prime factors of w?
2, 61
Let n = -39694 + 62990. List the prime factors of n.
2, 7, 13
What are the prime factors of 75/(-45) + -7 + (-101638)/(-6)?
16931
Let j(d) = d**3 + 4*d**2 + 13*d - 3. Let m be j(-6). Let v be 1/(-4) + 99/(-36) - m.